on divisor of 1600 and 349100?
100
What is the greatest common factor of 17011859 and 19?
19
Calculate the greatest common divisor of 54548 and 12.
4
Calculate the greatest common factor of 24 and 716.
4
Calculate the highest common factor of 24 and 303114.
6
What is the highest common divisor of 1840 and 320?
80
Calculate the highest common factor of 431964 and 10224.
2556
What is the highest common factor of 93 and 407?
1
Calculate the highest common divisor of 72752 and 2.
2
What is the highest common divisor of 610864 and 27196?
2092
What is the highest common divisor of 255 and 139570?
85
What is the greatest common divisor of 173124 and 98?
14
Calculate the greatest common factor of 10 and 355310.
10
Calculate the highest common divisor of 5734358 and 14.
14
What is the highest common factor of 150325 and 14?
7
Calculate the highest common factor of 20708 and 8684.
668
What is the highest common factor of 70 and 474970?
10
What is the highest common divisor of 798 and 326724?
114
What is the highest common divisor of 44 and 128348?
44
Calculate the greatest common factor of 126 and 140.
14
What is the highest common factor of 1210 and 33440?
110
Calculate the greatest common divisor of 42 and 95158.
14
Calculate the greatest common divisor of 27714 and 60636.
186
Calculate the greatest common divisor of 1182 and 138.
6
Calculate the highest common divisor of 376 and 1048476.
188
Calculate the highest common divisor of 34 and 2717093.
17
What is the highest common divisor of 522 and 244557?
261
What is the greatest common divisor of 890375 and 170?
85
Calculate the greatest common factor of 30076 and 1751.
103
What is the highest common factor of 44899 and 2419?
59
What is the greatest common factor of 913654 and 98?
98
What is the highest common divisor of 7949862 and 846?
846
What is the highest common factor of 56104 and 56?
8
What is the highest common divisor of 2205 and 330?
15
Calculate the highest common divisor of 1236323 and 3905.
781
Calculate the greatest common factor of 704 and 1318416.
176
Calculate the greatest common divisor of 94 and 16568.
2
Calculate the highest common divisor of 80940 and 11685.
285
Calculate the highest common factor of 9 and 20319.
3
Calculate the highest common divisor of 19032 and 24.
24
What is the greatest common factor of 15816 and 24?
24
Calculate the greatest common factor of 28 and 1810144.
28
Calculate the highest common divisor of 18470 and 30.
10
Calculate the greatest common divisor of 44 and 3092540.
44
What is the greatest common factor of 3 and 5100?
3
Calculate the greatest common factor of 1238 and 14237.
619
What is the greatest common divisor of 673320 and 6?
6
Calculate the greatest common divisor of 31 and 305567.
31
Calculate the greatest common factor of 1585 and 70.
5
Calculate the highest common divisor of 1620 and 1250.
10
What is the greatest common divisor of 2907 and 50065?
323
What is the greatest common divisor of 162 and 5430?
6
Calculate the highest common divisor of 2036280 and 120.
120
Calculate the highest common divisor of 18306 and 8362.
226
Calculate the highest common factor of 210496 and 2277.
253
Calculate the highest common factor of 449749 and 475.
19
What is the highest common divisor of 7381 and 22?
11
What is the greatest common divisor of 11 and 200?
1
What is the greatest common divisor of 195 and 3835?
65
What is the greatest common divisor of 197637 and 88?
11
Calculate the greatest common factor of 1310 and 9690.
10
What is the greatest common divisor of 1030 and 63430?
10
Calculate the greatest common divisor of 6681 and 5109.
393
Calculate the highest common divisor of 77 and 125.
1
What is the greatest common divisor of 980 and 137540?
20
Calculate the highest common factor of 225 and 310230.
45
What is the highest common divisor of 35520 and 120?
120
Calculate the greatest common factor of 60 and 77760.
60
Calculate the greatest common divisor of 33 and 54879.
33
What is the highest common factor of 7038 and 7659?
207
What is the highest common factor of 161 and 18860?
23
What is the highest common factor of 79093 and 35?
7
Calculate the highest common factor of 28094 and 495.
11
Calculate the greatest common divisor of 1427 and 13.
1
What is the highest common divisor of 221790 and 60?
30
What is the highest common divisor of 2219406 and 378?
42
What is the highest common divisor of 26 and 99827?
13
Calculate the greatest common factor of 3635 and 496541.
727
Calculate the highest common divisor of 1184 and 550708.
148
Calculate the greatest common factor of 813 and 69376.
271
What is the highest common divisor of 62475 and 600?
75
What is the greatest common divisor of 65 and 29926?
13
Calculate the greatest common divisor of 2194472 and 5364.
596
What is the highest common factor of 68380 and 325?
65
Calculate the highest common divisor of 96 and 266448.
48
What is the greatest common factor of 3504 and 208?
16
What is the highest common factor of 103302 and 1350?
54
What is the highest common divisor of 36 and 2221284?
12
Calculate the highest common factor of 30360 and 346863.
759
What is the highest common divisor of 8820 and 540?
180
Calculate the greatest common divisor of 1105 and 679796.
221
Calculate the greatest common factor of 208 and 15067.
13
Calculate the highest common divisor of 4992 and 408.
24
Calculate the highest common divisor of 559488 and 576.
192
What is the highest common divisor of 7440 and 352560?
240
Calculate the greatest common divisor of 221450 and 206400.
2150
What is the highest common factor of 835125 and 493?
17
What is the greatest common divisor of 31 and 434031?
31
What is the greatest common factor of 1666434 and 462?
462
What is the highest common factor of 70202 and 2?
2
What is the greatest common divisor of 30351 and 804?
201
Calculate the highest common divisor of 136 and 329.
1
What is the highest common divisor of 455 and 509600?
455
Calculate the greatest common factor of 10 and 589810.
10
Calculate the highest common factor of 24956 and 408.
68
Calculate the greatest common factor of 34776 and 840.
168
Calculate the greatest common factor of 540 and 1809.
27
What is the greatest common factor of 10550 and 3970?
10
Calculate the highest common factor of 1492245 and 15.
15
What is the greatest common factor of 18 and 195309?
9
Calculate the highest common factor of 376336 and 688.
688
What is the greatest common divisor of 144 and 67924?
4
What is the highest common divisor of 176 and 724042?
22
What is the highest common factor of 2867 and 235?
47
What is the greatest common factor of 43382 and 3582?
398
What is the highest common factor of 63206 and 208?
26
Calculate the greatest common factor of 253 and 1672.
11
What is the greatest common factor of 411520 and 30?
10
What is the highest common factor of 93436 and 50694?
994
Calculate the highest common divisor of 1031 and 1031.
1031
Calculate the greatest common factor of 2 and 2637.
1
What is the greatest common factor of 2072456 and 145?
29
What is the highest common divisor of 288 and 530176?
32
Calculate the highest common divisor of 11342 and 9951.
107
Calculate the highest common divisor of 246568 and 8568.
952
Calculate the greatest common factor of 5175 and 10425.
75
What is the highest common factor of 33 and 1693571?
11
Calculate the greatest common divisor of 1243 and 2423737.
113
What is the greatest common factor of 8371 and 836?
11
What is the greatest common divisor of 1365 and 14910?
105
What is the greatest common factor of 3690393 and 1974?
987
What is the highest common divisor of 34 and 138873?
17
What is the greatest common divisor of 7748 and 416?
52
Calculate the highest common divisor of 9310 and 1127.
49
What is the greatest common factor of 1009302 and 490?
98
Calculate the greatest common divisor of 1827 and 667.
29
Calculate the highest common divisor of 109337 and 124.
31
Calculate the greatest common divisor of 9374 and 654.
218
Calculate the greatest common divisor of 466221 and 63.
21
Calculate the greatest common divisor of 75 and 693425.
25
Calculate the highest common divisor of 94800 and 167875.
1975
Calculate the greatest common divisor of 101365 and 679.
97
What is the greatest common factor of 97991 